{"id":90,"date":"2016-04-12T19:27:08","date_gmt":"2016-04-12T18:27:08","guid":{"rendered":"http:\/\/www.choralesimagine.be\/?page_id=90"},"modified":"2019-01-03T22:49:21","modified_gmt":"2019-01-03T21:49:21","slug":"chorados","status":"publish","type":"page","link":"https:\/\/www.choralesimagine.be\/index.php\/chorados\/","title":{"rendered":"Chor&rsquo;Ados"},"content":{"rendered":"<h3><big><strong>Chor&rsquo;Ados<\/strong><\/big><\/h3>\n<hr class=\"ttfmake-hr\" style=\"border-style: solid; border-top-width: 1px;\" \/>\n<p>Tu aimes chanter et pourtant, tu n&rsquo;as jamais os\u00e9 le faire ailleurs que dans ta chambre? C&rsquo;est le moment de sauter le pas&#8230;<span class=\"Apple-converted-space\">\u00a0<\/span><\/p>\n<p>As-tu d\u00e9j\u00e0 entendu parler de la chorale \u201c<b>Chor&rsquo;Ados\u201d de METTET <\/b>?<\/p>\n<p><span class=\"Apple-converted-space\">\u00a0<\/span>Nous sommes un groupe d\u2019une dizaine de jeunes \u00e2g\u00e9e de 12 \u00e0 18 ans. Nous nous retrouvons <a href=\"http:\/\/www.choralesimagine.be\/index.php\/repetitions\/\">chaque vendredi de 17h45 \u00e0 19h<\/a> pour chanter ensemble.<span class=\"Apple-converted-space\">\u00a0<\/span><\/p>\n<p><i>Notre r\u00e9pertoire<\/i><b>: Ad\u00e8le, Metallica, Calogero, Mika, Nirvana<\/b>\u2026 ,<\/p>\n<p>Pas besoin de savoir lire la musique ! Si tu chantes juste, que tu as une bonne oreille et surtout l&rsquo;envie de partager une chouette exp\u00e9rience musicale, rejoins-nous !<\/p>\n<p>&nbsp;<\/p>\n<p><strong>Direction:<\/strong>\u00a0Joseph Degraux<\/p>\n<p><img loading=\"lazy\" decoding=\"async\" class=\"aligncenter wp-image-256\" src=\"http:\/\/www.choralesimagine.be\/wp-content\/uploads\/2019\/01\/ChorAdos.jpg\" alt=\"\" width=\"450\" height=\"307\" \/><\/p>\n<p><span class=\"Apple-converted-space\">\u00a0<\/span><\/p>\n","protected":false},"excerpt":{"rendered":"<p>Chor&rsquo;Ados Tu aimes chanter et pourtant, tu n&rsquo;as jamais os\u00e9 le faire ailleurs que dans ta chambre? C&rsquo;est le moment de sauter le pas&#8230;\u00a0 As-tu d\u00e9j\u00e0 entendu parler de la chorale \u201cChor&rsquo;Ados\u201d de METTET ? \u00a0Nous sommes un groupe d\u2019une dizaine de jeunes \u00e2g\u00e9e de 12 \u00e0 18 ans. Nous nous retrouvons chaque vendredi de &hellip;<\/p>\n","protected":false},"author":1,"featured_media":0,"parent":0,"menu_order":0,"comment_status":"closed","ping_status":"closed","template":"","meta":{"footnotes":""},"class_list":["post-90","page","type-page","status-publish","hentry"],"aioseo_notices":[],"_links":{"self":[{"href":"https:\/\/www.choralesimagine.be\/index.php\/wp-json\/wp\/v2\/pages\/90","targetHints":{"allow":["GET"]}}],"collection":[{"href":"https:\/\/www.choralesimagine.be\/index.php\/wp-json\/wp\/v2\/pages"}],"about":[{"href":"https:\/\/www.choralesimagine.be\/index.php\/wp-json\/wp\/v2\/types\/page"}],"author":[{"embeddable":true,"href":"https:\/\/www.choralesimagine.be\/index.php\/wp-json\/wp\/v2\/users\/1"}],"replies":[{"embeddable":true,"href":"https:\/\/www.choralesimagine.be\/index.php\/wp-json\/wp\/v2\/comments?post=90"}],"version-history":[{"count":8,"href":"https:\/\/www.choralesimagine.be\/index.php\/wp-json\/wp\/v2\/pages\/90\/revisions"}],"predecessor-version":[{"id":258,"href":"https:\/\/www.choralesimagine.be\/index.php\/wp-json\/wp\/v2\/pages\/90\/revisions\/258"}],"wp:attachment":[{"href":"https:\/\/www.choralesimagine.be\/index.php\/wp-json\/wp\/v2\/media?parent=90"}],"curies":[{"name":"wp","href":"https:\/\/api.w.org\/{rel}","templated":true}]}}

<h3><big><strong>Chor&rsquo;Ados</strong></big></h3>
<hr class="ttfmake-hr" style="border-style: solid; border-top-width: 1px;" />
<p>Tu aimes chanter et pourtant, tu n&rsquo;as jamais osé le faire ailleurs que dans ta chambre? C&rsquo;est le moment de sauter le pas&#8230;<span class="Apple-converted-space"> </span></p>
<p>As-tu déjà entendu parler de la chorale “<b>Chor&rsquo;Ados” de METTET </b>?</p>
<p><span class="Apple-converted-space"> </span>Nous sommes un groupe d’une dizaine de jeunes âgée de 12 à 18 ans. Nous nous retrouvons <a href="http://www.choralesimagine.be/index.php/repetitions/">chaque vendredi de 17h45 à 19h</a> pour chanter ensemble.<span class="Apple-converted-space"> </span></p>
<p><i>Notre répertoire</i><b>: Adèle, Metallica, Calogero, Mika, Nirvana</b>… ,</p>
<p>Pas besoin de savoir lire la musique ! Si tu chantes juste, que tu as une bonne oreille et surtout l&rsquo;envie de partager une chouette expérience musicale, rejoins-nous !</p>
<p>&nbsp;</p>
<p><strong>Direction:</strong> Joseph Degraux</p>
<p><img loading="lazy" decoding="async" class="aligncenter wp-image-256" src="http://www.choralesimagine.be/wp-content/uploads/2019/01/ChorAdos.jpg" alt="" width="450" height="307" /></p>
<p><span class="Apple-converted-space"> </span></p>

<p>Chor&rsquo;Ados Tu aimes chanter et pourtant, tu n&rsquo;as jamais osé le faire ailleurs que dans ta chambre? C&rsquo;est le moment de sauter le pas&#8230;  As-tu déjà entendu parler de la chorale “Chor&rsquo;Ados” de METTET ?  Nous sommes un groupe d’une dizaine de jeunes âgée de 12 à 18 ans. Nous nous retrouvons chaque vendredi de &hellip;</p>
