{"id":47,"date":"2016-03-28T21:11:51","date_gmt":"2016-03-28T20:11:51","guid":{"rendered":"http:\/\/choralesimagine.be\/?page_id=47"},"modified":"2024-02-11T15:46:05","modified_gmt":"2024-02-11T14:46:05","slug":"repetitions","status":"publish","type":"page","link":"https:\/\/www.choralesimagine.be\/index.php\/repetitions\/","title":{"rendered":"R\u00e9p\u00e9titions"},"content":{"rendered":"<p>R\u00e9p\u00e9titions les samedis de <strong>17H00<\/strong> \u00e0 <strong>19H15<\/strong>.<\/p>\n<p>Les r\u00e9p\u00e9titions ont lieu dans la salle paroissiale de Mettet situ\u00e9e en face du parking entre la biblioth\u00e8que Yvonne Vassaux et l&rsquo;ancienne \u00e9cole libre St-Joseph et St-Jean-Baptiste (rue L\u00e9on Colin).<\/p>\n<p><em>Vous souhaitez assister \u00e0 une de nos r\u00e9p\u00e9titions ?<br \/>\n<a href=\"http:\/\/choralesimagine.be\/index.php\/contact-2\/\">Contactez-nous<\/a> au pr\u00e9alable pour \u00eatre certain que la r\u00e9p\u00e9tition ait bien lieu le jour de votre visite &#8230;<\/em><\/p>\n<p>&nbsp;<\/p>\n<p align=\"center\"><iframe loading=\"lazy\" style=\"border: 0;\" src=\"https:\/\/www.google.com\/maps\/embed?pb=!1m18!1m12!1m3!1d1273.619877979868!2d4.655193702673487!3d50.32477806195406!2m3!1f0!2f0!3f0!3m2!1i1024!2i768!4f13.1!3m3!1m2!1s0x47c18c3ba6ca7ed9%3A0xa1092a3d98e6700f!2sRue%20L%C3%A9on%20Colin%2C%205640%20Mettet!5e0!3m2!1sfr!2sbe!4v1704461029674!5m2!1sfr!2sbe\" width=\"600\" height=\"450\" allowfullscreen=\"allowfullscreen\"><\/iframe><\/p>\n","protected":false},"excerpt":{"rendered":"<p>R\u00e9p\u00e9titions les samedis de 17H00 \u00e0 19H15. Les r\u00e9p\u00e9titions ont lieu dans la salle paroissiale de Mettet situ\u00e9e en face du parking entre la biblioth\u00e8que Yvonne Vassaux et l&rsquo;ancienne \u00e9cole libre St-Joseph et St-Jean-Baptiste (rue L\u00e9on Colin). Vous souhaitez assister \u00e0 une de nos r\u00e9p\u00e9titions ? Contactez-nous au pr\u00e9alable pour \u00eatre certain que la r\u00e9p\u00e9tition &hellip;<\/p>\n","protected":false},"author":1,"featured_media":0,"parent":0,"menu_order":0,"comment_status":"closed","ping_status":"closed","template":"","meta":{"footnotes":""},"class_list":["post-47","page","type-page","status-publish","hentry"],"aioseo_notices":[],"_links":{"self":[{"href":"https:\/\/www.choralesimagine.be\/index.php\/wp-json\/wp\/v2\/pages\/47","targetHints":{"allow":["GET"]}}],"collection":[{"href":"https:\/\/www.choralesimagine.be\/index.php\/wp-json\/wp\/v2\/pages"}],"about":[{"href":"https:\/\/www.choralesimagine.be\/index.php\/wp-json\/wp\/v2\/types\/page"}],"author":[{"embeddable":true,"href":"https:\/\/www.choralesimagine.be\/index.php\/wp-json\/wp\/v2\/users\/1"}],"replies":[{"embeddable":true,"href":"https:\/\/www.choralesimagine.be\/index.php\/wp-json\/wp\/v2\/comments?post=47"}],"version-history":[{"count":32,"href":"https:\/\/www.choralesimagine.be\/index.php\/wp-json\/wp\/v2\/pages\/47\/revisions"}],"predecessor-version":[{"id":418,"href":"https:\/\/www.choralesimagine.be\/index.php\/wp-json\/wp\/v2\/pages\/47\/revisions\/418"}],"wp:attachment":[{"href":"https:\/\/www.choralesimagine.be\/index.php\/wp-json\/wp\/v2\/media?parent=47"}],"curies":[{"name":"wp","href":"https:\/\/api.w.org\/{rel}","templated":true}]}}

Répétitions

<p>Répétitions les samedis de <strong>17H00</strong> à <strong>19H15</strong>.</p>
<p>Les répétitions ont lieu dans la salle paroissiale de Mettet située en face du parking entre la bibliothèque Yvonne Vassaux et l&rsquo;ancienne école libre St-Joseph et St-Jean-Baptiste (rue Léon Colin).</p>
<p><em>Vous souhaitez assister à une de nos répétitions ?<br />
<a href="http://choralesimagine.be/index.php/contact-2/">Contactez-nous</a> au préalable pour être certain que la répétition ait bien lieu le jour de votre visite &#8230;</em></p>
<p>&nbsp;</p>
<p align="center"><iframe loading="lazy" style="border: 0;" src="https://www.google.com/maps/embed?pb=!1m18!1m12!1m3!1d1273.619877979868!2d4.655193702673487!3d50.32477806195406!2m3!1f0!2f0!3f0!3m2!1i1024!2i768!4f13.1!3m3!1m2!1s0x47c18c3ba6ca7ed9%3A0xa1092a3d98e6700f!2sRue%20L%C3%A9on%20Colin%2C%205640%20Mettet!5e0!3m2!1sfr!2sbe!4v1704461029674!5m2!1sfr!2sbe" width="600" height="450" allowfullscreen="allowfullscreen"></iframe></p>

<p>Répétitions les samedis de 17H00 à 19H15. Les répétitions ont lieu dans la salle paroissiale de Mettet située en face du parking entre la bibliothèque Yvonne Vassaux et l&rsquo;ancienne école libre St-Joseph et St-Jean-Baptiste (rue Léon Colin). Vous souhaitez assister à une de nos répétitions ? Contactez-nous au préalable pour être certain que la répétition &hellip;</p>
